132 (base 6) to base 3
-2002
Convert -4 (base 8) to base 11.
-4
-221 (base 3) to base 16
-19
What is -25 (base 13) in base 5?
-111
Convert -7b (base 14) to base 12.
-91
What is 8 (base 13) in base 3?
22
10 (base 7) to base 9
7
Convert 21 (base 13) to base 4.
123
Convert -2 (base 6) to base 10.
-2
What is -5a (base 15) in base 6?
-221
Convert -87 (base 12) to base 11.
-94
-6 (base 13) to base 2
-110
What is a (base 13) in base 16?
a
What is -2a (base 12) in base 16?
-22
107 (base 16) to base 2
100000111
Convert -20 (base 6) to base 8.
-14
Convert -1 (base 5) to base 3.
-1
Convert -11001000 (base 2) to base 4.
-3020
-15 (base 8) to base 3
-111
What is -3 (base 16) in base 12?
-3
-215 (base 6) to base 2
-1010011
What is -212 (base 4) in base 11?
-35
What is -102 (base 5) in base 6?
-43
What is 3 (base 12) in base 15?
3
Convert 5 (base 14) to base 4.
11
What is 45 (base 11) in base 16?
31
Convert -20 (base 7) to base 11.
-13
-4 (base 16) to base 10
-4
-74 (base 13) to base 12
-7b
Convert -12 (base 15) to base 9.
-18
Convert 23 (base 16) to base 3.
1022
Convert -b6 (base 14) to base 5.
-1120
What is 19 (base 15) in base 12?
20
Convert -1 (base 14) to base 7.
-1
28 (base 10) to base 9
31
What is -1 (base 15) in base 12?
-1
8 (base 13) to base 16
8
Convert a (base 11) to base 8.
12
-51 (base 6) to base 3
-1011
Convert 4 (base 15) to base 3.
11
What is 1311 (base 4) in base 14?
85
-3 (base 7) to base 15
-3
30 (base 11) to base 3
1020
Convert 5 (base 16) to base 15.
5
153 (base 6) to base 2
1000101
What is 4 (base 11) in base 13?
4
Convert 41 (base 6) to base 8.
31
-2111 (base 3) to base 15
-47
-1211 (base 3) to base 12
-41
What is -15 (base 10) in base 16?
-f
What is -42 (base 11) in base 10?
-46
What is -34 (base 5) in base 12?
-17
1300 (base 5) to base 10
200
Convert -33 (base 8) to base 13.
-21
What is -9 (base 15) in base 14?
-9
What is 33 (base 6) in base 4?
111
Convert -c3 (base 14) to base 7.
-333
What is 222 (base 4) in base 6?
110
a (base 16) to base 5
20
Convert 13 (base 15) to base 13.
15
Convert -6 (base 13) to base 9.
-6
What is 5 (base 13) in base 9?
5
-331 (base 8) to base 15
-e7
What is -1100 (base 2) in base 13?
-c
0 (base 11) to base 3
0
What is 24 (base 6) in base 2?
10000
1 (base 2) to base 11
1
-3 (base 15) to base 7
-3
3 (base 15) to base 2
11
e (base 16) to base 11
13
What is -1b (base 16) in base 9?
-30
Convert -5 (base 11) to base 8.
-5
What is -6 (base 15) in base 13?
-6
Convert 3 (base 14) to base 13.
3
What is 2020 (base 4) in base 7?
253
Convert 4d (base 15) to base 13.
58
Convert 0 (base 2) to base 14.
0
What is 25 (base 11) in base 14?
1d
What is 18 (base 15) in base 6?
35
12 (base 3) to base 12
5
What is 1 (base 15) in base 16?
1
What is 4 (base 15) in base 6?
4
What is 122 (base 6) in base 3?
1212
Convert 30 (base 14) to base 4.
222
What is 3311 (base 4) in base 15?
115
Convert 17 (base 12) to base 13.
16
What is 11 (base 3) in base 5?
4
Convert -11 (base 3) to base 15.
-4
Convert 47 (base 15) to base 3.
2111
What is 62 (base 11) in base 3?
2112
31 (base 5) to base 7
22
81 (base 9) to base 2
1001001
Convert 166 (base 11) to base 13.
11b
What is 3 (base 15) in base 16?
3
3 (base 10) to base 4
3
What is 22 (base 8) in base 11?
17
What is -7 (base 9) in base 2?
-111
-31 (base 4) to base 6
-21
12101 (base 3) to base 8
221
553 (base 6) to base 7
423
431 (base 6) to base 15
ad
What is -26 (base 12) in base 9?
-33
Convert 6 (base 7) to base 16.
6
-1011 (base 2) to base 8
-13
-4 (base 7) to base 9
-4
What is -101000 (base 2) in base 16?
-28
-111101 (base 2) to base 14
-45
-24 (base 6) to base 16
-10
-30 (base 11) to base 16
-21
What is 5 (base 7) in base 6?
5
5 (base 11) to base 14
5
Convert 2 (base 5) to base 4.
2
-172 (base 13) to base 8
-406
-32 (base 14) to base 8
-54
What is -5 (base 11) in base 5?
-10
Convert -26 (base 9) to base 2.
-11000
2 (base 6) to base 3
2
Convert 23 (base 4) to base 5.
21
What is 10011 (base 2) in base 10?
19
Convert 32 (base 4) to base 2.
1110
Convert -24 (base 5) to base 2.
-1110
7 (base 10) to base 2
111
What is 6 (base 12) in base 11?
6
What is -19 (base 10) in base 11?
-18
Convert 2 (base 11) to base 4.
2
21 (base 6) to base 13
10
-276 (base 8) to base 6
-514
2121 (base 3) to base 13
55
-38 (base 14) to base 5
-200
What is 2 (base 3) in base 12?
2
What is -2 (base 8) in base 4?
-2
58 (base 9) to base 14
3b
-77 (base 14) to base 16
-69
-13c (base 15) to base 5
-2112
What is -210 (base 3) in base 9?
-23
Convert -2 (base 15) to base 8.
-2
What is 126 (base 13) in base 3?
21110
Convert 0 (base 6) to base 3.
0
What is 10 (base 7) in base 6?
11
Convert -57 (base 16) to base 8.
-127
What is 90 (base 11) in base 10?
99
What is -22 (base 11) in base 15?
-19
20 (base 8) to base 16
10
Convert 33 (base 6) to base 11.
1a
What is -404 (base 6) in base 15?
-9d
What is 10 (base 3) in base 5?
3
Convert -1 (base 16) to base 10.
-1
-6 (base 10) to base 16
-6
What is -8 (base 16) in base 2?
-1000
What is 27 (base 8) in base 11?
21
-152 (base 11) to base 8
-262
What is -10 (base 3) in base 15?
-3
133 (base 15) to base 16
111
-1 (base 8) to base 9
-1
What is -3 (base 13) in base 16?
-3
23 (base 10) to base 5
43
4 (base 7) to base 6
4
-4 (base 10) to base 2
-100
-120 (base 3) to base 6
-23
10 (base 8) to base 3
22
Convert 117 (base 8) to base 13.
61
What is -17d (base 14) in base 8?
-463
-a (base 14) to base 12
-a
20 (base 3) to base 11
6
-231 (base 4) to base 5
-140
What is -10 (base 11) in base 6?
-15
Convert -314 (base 8) to base 15.
-d9
-2 (base 14) to base 6
-2
Convert 17a (base 11) to base 13.
130
Convert 10200 (base 3) to base 13.
78
What is 5 (base 13) in base 10?
5
What is -103 (base 6) in base 8?
-47
-1010001 (base 2) to base 16
-51
Convert 2 (base 15) to base 3.
2
Convert 41 (base 12) to base 3.
1211
What is 3 (base 10) in base 14?
3
What is 2 (base 12) in base 9?
2
-4 (base 14) to base 9
-4
27 (base 11) to base 4
131
What is -1 (base 9) in base 8?
-1
What is -10111010 (base 2) in base 12?
-136
What is -4 (base 6) in base 5?
-4
Convert 2 (base 12) to base 15.
2
-5 (base 7) to base 5
-10
Convert 11 (base 4) to base 14.
5
a (base 12) to base 15
a
Convert -3 (base 15) to base 5.
-3
What is 2 (base 4) in base 8?
2
What is 222 (base 3) in base 10?
26
Convert -17 (base 8) to base 4.
-33
Convert 12 (base 3) to base 2.
101
-204 (base 7) to base 11
-93
What is -100110 (base 2) in base 3?
-1102
440 (base 5) to base 2
1111000
-33 (base 7) to base 15
-19
What is 10 (base 3) in base 8?
3
Convert -3 (base 11) to base 7.
-3
Convert -12 (base 6) to base 8.
-10
What is -45 (base 15) in base 6?
-145
What is -1 (base 2) in base 15?
-1
-7 (base 12) to base 11
-7
What is -f4 (base 16) in base 13?
-15a
Convert 40 (base 7) to base 15.
1d
-2 (base 7) to base 5
-2
Convert 25 (base 9) to base 4.
113
320 (base 4) to base 7
110
Convert 2c (base 15) to base 9.
46
Convert ac (base 16) to base 12.
124
Convert -3c (base 16) to base 15.
-40
Convert 1 (base 16) to base 15.
1
What is -21 (base 6) in base 13?
-10
What is 200 (base 5) in base 14?
38
0 (base 14) to base 7
0
3 (base 15) to base 9
3
Convert 101 (base 3) to base 11.
a
Convert 314 (base 6) to base 3.
11101
Convert -6 (base 7) to base 3.
-20
What is -203 (base 4) in base 13?
-29
Convert -178 (base 9) to base 14.
-ac
What is -d (base 14) in base 5?
-23
3 (base 16) to base 6
3
Convert -aa (base 12) to base 5.
-1010
-20 (base 4) to base 7
-11
What is 11 (base 4) in base 6?
5
-2 (base 10) to base 2
-10
113 (base 6) to base 8
55
-3 (base 10) to base 11
-3
3 (base 4) to base 5
3
-200 (base 4) to base 10
-32
Convert a (base 13) to base 9.
11
What is -73 (base 10) in base 11?
-67
What is -21 (base 4) in base 13?
-9
What is -2 (base 3) in base 12?
-2
-43 (base 16) to base 13
-52
Convert -4 (base 10) to base 6.
-4
What is 2 (base 8) in base 3?
2
-2 (base 10) to base 12
-2
6 (base 14) to base 13
6
What is 8 (base 12) in base 13?
8
-25 (base 6) to base 7
-23
Convert -5 (base 15) to base 13.
-5
5 (base 9) to base 14
5
What is 1 (base 13) in base 3?
1
What is -4 (base 12) in base 2?
-100
What is 13 (base 11) in base 16?
e
Convert 342 (base 9) to base 5.
2111
What is -150 (base 12) in base 7?
-411
What is -1110 (base 4) in base 6?
-220
What is -33 (base 8) in base 6?
-43
Convert -540 (base